*w**2 - 4*w - 8. Give g(5).
47
Let z(w) = w**3 + 3*w**2 + 2*w. Give z(-3).
-6
Let d(l) = 2*l**2 - 32*l - 4. Give d(16).
-4
Let t(g) = -8*g**2 + g + 1. Calculate t(1).
-6
Let p(z) = z**3 + 31*z**2 + 26*z - 123. Determine p(-30).
-3
Let w(j) = j**3 + 5*j**2 - 6*j + 3. Calculate w(-6).
3
Let t(g) = g**3 + 11*g**2 + 11*g. Determine t(-10).
-10
Let z(y) = -y**3 - 5*y**2 + 17*y + 13. Give z(-7).
-8
Let a(w) = 10*w**2 + 56*w - 2. Calculate a(-5).
-32
Let p(b) = -b + 6. Calculate p(-6).
12
Let d(b) = -b**3 + 7*b**2 - 8*b + 9. What is d(6)?
-3
Let i(s) = 2*s**3 + 9*s**2 - 12*s - 40. Calculate i(-5).
-5
Let x(i) = -i**2 + 15*i - 55. Give x(11).
-11
Let v(t) = 8*t**2 + 4*t + 1. Determine v(-1).
5
Let g(t) = -2*t**2 + 38*t + 1. Determine g(16).
97
Let o(a) = -a**3 - 21*a**2 + 71*a - 20. What is o(-24)?
4
Let d(s) = 5*s**3 - 49*s**2 - 8*s - 24. What is d(10)?
-4
Let h(v) = v**3 + v**2 - 4*v. Give h(2).
4
Let s(g) = -6*g**3 + g**2 + 2*g - 1. Calculate s(1).
-4
Let w(d) = -d + 6. Determine w(-3).
9
Let k(y) = y**3 - 4*y**2 + 3. Calculate k(4).
3
Let t(b) = 3*b + 2. Give t(-3).
-7
Let h(o) = -o**3 + 3*o**2 + o - 1. What is h(-2)?
17
Let j(c) = -c**2 + 2*c + 5. Calculate j(5).
-10
Let y(h) = -2*h**3 + 4*h**2 + 9*h - 1. Calculate y(5).
-106
Let n(m) = 2*m**3 + m**2 - 2*m - 4. Determine n(0).
-4
Let y(l) = -3*l**2 - 4*l + 5. Determine y(-4).
-27
Let f(i) = -2*i**3 + 17*i**2 - 7*i - 24. Calculate f(8).
-16
Let r(m) = -2*m - 9. What is r(0)?
-9
Let g(t) = 5*t**3 + 1. Calculate g(1).
6
Let f(y) = y**2 + 5*y + 3. Calculate f(-2).
-3
Let h(j) = j**3 + 22*j**2 + 38*j - 47. What is h(-20)?
-7
Let m(c) = -c**2 - 28*c - 130. What is m(-7)?
17
Let i(a) = a**3 + 15*a**2 - 14*a + 33. Calculate i(-16).
1
Let v(k) = -k**2 - 11*k + 178. Calculate v(9).
-2
Let d(i) = -i**2 - 21*i - 22. Determine d(-21).
-22
Let r(i) = -8*i**2 - 122*i - 21. What is r(-15)?
9
Let y(c) = -4*c - 35. What is y(-3)?
-23
Let b(u) = -u**2 + 32*u + 25. Calculate b(33).
-8
Let c(k) = k**3 + 12*k**2 - 9*k + 5. Give c(-13).
-47
Let d(u) = -2*u**2 + 23*u - 91. What is d(5)?
-26
Let o(x) = -5*x**2 - 3*x - 9. Give o(-7).
-233
Let y(b) = -11*b**3 + 3*b**2 - 3*b + 2. Calculate y(1).
-9
Let k(h) = -h - 4. Determine k(-4).
0
Let c(y) = y**2 + 7*y - 11. What is c(-8)?
-3
Let r(t) = 10*t**3 - t**2 + t + 2. What is r(-1)?
-10
Let o(v) = v**2 + v - 32. What is o(0)?
-32
Let r(a) = -8*a + 16. Determine r(5).
-24
Let w(u) = -2*u**2 - 2*u + 6. Calculate w(-3).
-6
Let f(c) = -48*c**2 + 1. Determine f(1).
-47
Let s(p) = -8*p - 157. Give s(-22).
19
Let f(a) = 4*a**2 - 33*a + 20. Give f(8).
12
Let w(c) = -2*c**3 - c + 1. Give w(0).
1
Let x(r) = -108*r - 110. Determine x(-1).
-2
Let h(j) = j - 10. Calculate h(12).
2
Let v(u) = 2*u**2 - 4*u - 5. What is v(5)?
25
Let j(b) = -b**3 + 2*b**2 + 11*b - 2. What is j(-5)?
118
Let h(x) = 2*x**3 - 3*x**2 - x + 2. Calculate h(1).
0
Let u(j) = -j**3 - 6*j**2 - 4*j - 1. What is u(-5)?
-6
Let l(i) = -2*i**2 - 3*i. Give l(-2).
-2
Let p(x) = 3*x - 3. Give p(2).
3
Let d(r) = -r**3 - 50*r**2 - 99*r - 153. Determine d(-48).
-9
Let t(s) = 72*s**3 - s**2 + 3*s - 2. What is t(1)?
72
Let k(l) = -35*l**2 - 31*l. Determine k(-1).
-4
Let n(g) = 6*g**3 - 2*g**2 + 2*g + 4. Give n(-1).
-6
Let c(p) = 2*p - 4. Determine c(7).
10
Let y(h) = h**2 + 27*h - 62. What is y(2)?
-4
Let u(a) = -6*a**3. Calculate u(1).
-6
Let j(u) = -3*u - 107. Give j(-20).
-47
Let u(i) = -5*i**3 - 3*i**2 - 2*i - 2. Calculate u(-2).
30
Let a(y) = 4*y + 7. Give a(-4).
-9
Let l(j) = 11*j**2 - 8*j. Determine l(3).
75
Let n(f) = 15*f + 75. Calculate n(-5).
0
Let b(h) = 6*h - 120. What is b(9)?
-66
Let q(z) = -z**3 - 6*z**2 + 1. Calculate q(-5).
-24
Let z(f) = 9*f + 196. What is z(-23)?
-11
Let j(w) = w**3 - 4*w**2 + 1. Calculate j(4).
1
Let o(i) = -i**3 - 6*i**2 - 6*i - 12. Give o(-5).
-7
Let k(r) = -r + 29. Determine k(12).
17
Let v(d) = 2*d - 26. Give v(12).
-2
Let g(s) = -19*s - 1. What is g(2)?
-39
Let y(l) = 3*l - 7. Determine y(-1).
-10
Let m(n) = -38*n + 804. Determine m(21).
6
Let i(t) = -t**2 - 4*t - 4. Determine i(-1).
-1
Let w(x) = 49*x - 301. Calculate w(6).
-7
Let p(w) = 29*w - 53. What is p(2)?
5
Let f(n) = n**2 + 8*n - 4. Calculate f(-9).
5
Let r(d) = 2*d**3 - 30*d**2 - 4*d + 21. What is r(15)?
-39
Let t(u) = -2*u + 8. Give t(-5).
18
Let p(a) = -a**3 - a**2 - 5*a. What is p(-3)?
33
Let u(z) = 10*z**3 + 2*z - 1. What is u(1)?
11
Let u(g) = g - 15. What is u(6)?
-9
Let x(q) = 20*q - 229. Calculate x(13).
31
Let v(k) = k**2 - 2*k - 12. Determine v(0).
-12
Let k(p) = -2*p - 1. Calculate k(1).
-3
Let j(g) = -g**3 - 3*g**2 + 235*g + 36. Determine j(14).
-6
Let x(v) = -v - 3. Give x(-8).
5
Let w(g) = g**3 - 9*g**2 + 8*g - 11. Calculate w(8).
-11
Let b(j) = j - 4. Determine b(-9).
-13
Let n(a) = a**3 + 15*a**2 + 14*a - 7. Determine n(-14).
-7
Let m(r) = r**2 - 7*r - 12. What is m(7)?
-12
Let m(n) = -5*n**3 - n**2 - n - 1. Calculate m(-1).
4
Let s(c) = -c**3 + 14*c**2 + c + 4. Give s(14).
18
Let g(l) = -l**3 + 2*l**2 - 5*l + 4. Calculate g(3).
-20
Let u(q) = -q**3 + 12*q**2 + 5*q - 41. Give u(12).
19
Let l(s) = -s**3 - 4*s**2 + 16*s + 25. What is l(-6)?
1
Let p(z) = z**2 + 29*z + 89. Determine p(-25).
-11
Let t(w) = w**3 - 12*w**2 - 30*w + 44. What is t(14)?
16
Let b(f) = f**3 - 4*f**2 + 2*f + 11. What is b(4)?
19
Let w(n) = -3*n**2 - 11*n + 20. Determine w(-5).
0
Let y(u) = -u**3 + u**2 - u + 12. Calculate y(0).
12
Let w(a) = -a**3 - 8*a**2 - 12*a - 7. What is w(-6)?
-7
Let o(y) = -y**3 + 24*y**2 - 19*y - 93. Calculate o(23).
-1
Let k(j) = -4*j**3 - 123*j**2 + 32*j + 31. Give k(-31).
0
Let r(f) = -f**3 - 4. What is r(-2)?
4
Let j(u) = 2*u + 40. Calculate j(-17).
6
Let l(p) = 2*p**3 - 7*p**2 + p - 1. Determine l(4).
19
Let x(j) = -j**2 - 16*j - 67. What is x(-10)?
-7
Let c(f) = -17*f - 81. Give c(-3).
-30
Let v(d) = 33*d - 290. Calculate v(9).
7
Let n(z) = z**2 - 12*z + 9. What is n(4)?
-23
Let v(n) = -n**2 - 4*n - 2. Calculate v(-7).
-23
Let d(i) = i**3 - 10*i**2 - 12*i + 13. Calculate d(11).
2
Let a(f) = -f**3 - 8*f**2 + 7*f - 12. What is a(-9)?
6
Let z(c) = -c**2 - 9*c - 13. What is z(-8)?
-5
Let d(h) = -4*h**3 - 3*h**2 - h. Determine d(-2).
22
Let c(y) = y**3 - 8*y**2 + 8*y - 2. What is c(7)?
5
Let c(m) = m**2 - 5*m - 3. Calculate c(6).
3
Let a(y) = -y**3 + 8*y**2 + 90*y - 724. Give a(8).
-4
Let u(a) = -a**3 - 24*a**2 - 46*a - 44. Calculate u(-22).
0
Let u(f) = f**3 - 5*f**2 - 4*f - 4. What is u(6)?
8
Let z(d) = -2*d**2 - 25*d - 13. Give z(-12).
-1
Let k(w) = -w**3 + 16*w**2 - 31*w + 39. Calculate k(14).
-3
Let u(g) = -g**3 + g**2 + g - 3. Determine u(2).
-5
Let a(j) = 11*j + 50. What is a(-13)?
-93
Let b(l) = 2*l**3 - 15*l**2 - 31*l + 6. What is b(9)?
-30
Let z(p) = -p**2 + p + 5. Calculate z(0).
5
Let y(v) = -v**2 + 14*v - 10. What is y(15)?
-25
Let z(m) = m**3 - 3*m**2 - 3*m + 3. What is z(3)?
-6
Let a(o) = -o**2 + 17*o - 24. What is a(16)?
-8
Let z(d) = 6*d - 16. Determine z(-10).
-76
Let b(q) = q**3 - 7*q**2 + 4*q + 4. Calculate b(6).
-8
Let h(i) = i**3 + i**2 + i + 11. What is h(-3)?
-10
Let z(f) = -149*f + 591. What is z(4)?
-5
Let q(g) = -37*g + 18. What is q(2)?
-56
Let m(x) = 4*x + 14. Give m(-8).
-18
Let u(k) = k**2 - 7*k + 6. Give u(9).
24
Let p(a) = a**2 + 9*a + 21. What is p(-7)?
7
Let o(y) = -y**3 - 13*y**2 - 28*y - 16. Calculate o(-10).
-36
Let b(z) = 3*z - 22. What is b(10)?
8
Let h(x) = 5*x - 4. Give h(-3).
-19
Let f(x) = -20*x - 5. Calculate f(0).
-5
Let b(j) = -j**3 - 10*j**2 + 5*j + 45. Calculate b(-10).
-5
Let l(x) = 5*x**3 + x**2 + 7*x + 7. Determine l(-1).
-4
Let i(b) = -b**2 + 3*b + 88. Calculate i(12).
-20
Let b(o) = -6*o + 218. Give b(36).
2
Let i(b) = -b**2 + 11*b - 22. Calculate i(9).
-4
Let f(t) = -t**2 - t + 4. What is f(0)?
4
Let h(r) = 3*r**2 + 2. Calculate h(-2).
14
Let o(x) = -2*x**3 + 3*x**2 + 7*x. What is o(-3)?
60
Let s(c) = 30*c + 6. Calculate s(-3).
-84
Let k(x) = -2*x**2 + 4*x - 10. Determine k(2).
-10
Let w(k) = k - 15. Calculate w(8).
-7
Let h(m) = m**3 - 15*m**2 - 17*m + 24. What is h(16)?
8
Let h(c) = -c**3 + 7*c**2 + 3*c - 6. What is h(7)?
15
Let m(l) = l**3 - 3*l**2 - l + 7. Give m(2).
1
Let x(i) = 2*i**3 - 20*i**2 - 2*i + 11. Give x(10).
-9
Let y(l) = l**3 - 5*l**2 + 7*l + 2. Determine y(5).
37
Let s(b) = b**3 + 6*b**2 - 15*b - 7. What is s(-7)?
49
Let a(k) = k**2 + 27*k - 4